{"id":1582,"date":"2025-01-23T17:52:05","date_gmt":"2025-01-23T17:52:05","guid":{"rendered":"https:\/\/sgseries.com\/?page_id=1582"},"modified":"2025-07-05T19:52:44","modified_gmt":"2025-07-05T19:52:44","slug":"graziowa","status":"publish","type":"page","link":"https:\/\/sgseries.com\/index.php\/graziowa\/","title":{"rendered":"SGS GR\u0104ZIOWA"},"content":{"rendered":"<div class=\"wpb-content-wrapper\"><p>[vc_row row_style=&#8221;full-width&#8221; text_style=&#8221;light&#8221; vertical_align=&#8221;middle&#8221; padding_size=&#8221;no-padding&#8221; background_color=&#8221;#232323&#8243;][vc_column text_align=&#8221;center&#8221; padding_size=&#8221;no-padding&#8221; width=&#8221;1\/2&#8243;][vc_single_image image=&#8221;1586&#8243; alignment=&#8221;center&#8221;][\/vc_column][vc_column text_style=&#8221;light&#8221; text_align=&#8221;center&#8221; padding_size=&#8221;l-padding&#8221; width=&#8221;1\/2&#8243; css=&#8221;.vc_custom_1737649616606{padding-top: 20px !important;padding-bottom: 20px !important;}&#8221;][vc_empty_space height=&#8221;10px&#8221;][vc_custom_heading text=&#8221;ZAKOLE WIARU&#8221; font_container=&#8221;tag:h2|text_align:center|color:%23ffffff&#8221; google_fonts=&#8221;font_family:Montserrat%3Aregular%2C700|font_style:700%20bold%20regular%3A700%3Anormal&#8221; text_transform=&#8221;capitalize&#8221;][vc_empty_space height=&#8221;10px&#8221;][wyde_icon_block icon=&#8221;flora-icon-zigzag-2&#8243; size=&#8221;large&#8221; style=&#8221;none&#8221; color=&#8221;#ffd300&#8243;][vc_empty_space][vc_column_text]Okolica w Gr\u0105ziowej, z widokiem na malownicze zakole rzeki Wiar, stwarza idealne warunki do wy\u015bcigu, kt\u00f3ry \u0142\u0105czy sportow\u0105 rywalizacj\u0119 z zachwytem nad natur\u0105. To miejsce, kt\u00f3re oferuje przestronno\u015b\u0107 i komfort dla zawodnik\u00f3w, a tak\u017ce niesamowit\u0105 atmosfer\u0119, sprzyjaj\u0105c\u0105 integracji i wsp\u00f3lnemu \u015bwi\u0119towaniu. Zakole Wiaru to punkt, kt\u00f3ry nadaje wy\u015bcigowi SGS wyj\u0105tkowy charakter i pozostawi uczestnikom niezapomniane wspomnienia z tej bieszczadzkiej przygody.[\/vc_column_text][\/vc_column][\/vc_row][vc_row row_style=&#8221;full-width&#8221; vertical_align=&#8221;middle&#8221; padding_size=&#8221;no-padding&#8221;][vc_column text_style=&#8221;light&#8221; background_color=&#8221;#594b4a&#8221; bg_image_url=&#8221;http:\/\/sgseries.com\/wp-content\/uploads\/2025\/01\/c3-150&#215;150.jpg&#8221; width=&#8221;1\/4&#8243; background_image=&#8221;1528&#8243;][vc_empty_space][wyde_info_box title=&#8221;INFORMACJE&#8221; icon_set=&#8221;fontawesome&#8221; icon_fontawesome=&#8221;fa fa-info-circle&#8221; icon_size=&#8221;large&#8221; animation_delay=&#8221;0.6&#8243; animation=&#8221;bounceIn&#8221;]<strong>Gr\u0105ziowa 19.07.2025<br \/>\n<\/strong><strong>DYSTANS<\/strong>: 106KM<br \/>\n<strong>PRZEWY\u017bSZENIA<\/strong>: 1765M<br \/>\n<strong>START<\/strong>: 10:00<br \/>\n<strong>LIMIT CZASOWY<\/strong>: 9H[\/wyde_info_box][vc_empty_space][\/vc_column][vc_column text_style=&#8221;light&#8221; background_color=&#8221;#ffebba&#8221; bg_image_url=&#8221;http:\/\/sgseries.com\/wp-content\/uploads\/2025\/01\/c2-150&#215;150.jpg&#8221; width=&#8221;1\/4&#8243; background_image=&#8221;1527&#8243;][vc_empty_space][wyde_info_box title=&#8221;KUP PAKIET&#8221; icon_set=&#8221;fontawesome&#8221; icon_fontawesome=&#8221;fa fa-shopping-cart&#8221; icon_size=&#8221;large&#8221; animation_delay=&#8221;0.6&#8243; animation=&#8221;bounceIn&#8221; link=&#8221;url:https%3A%2F%2Fproziakgravel.pl%2Fstrona-glowna%2F31-102-pakiet-startowy-proziak400.html%23%2F45-wybierz_wyscigi-graziowa|title:Zapisz%20si%C4%99&#8243;]Przejd\u017a do strony gdzie kupisz pakiety startowe na SGS Gr\u0105ziowa.[\/wyde_info_box][vc_empty_space][\/vc_column][vc_column text_style=&#8221;light&#8221; background_color=&#8221;#ffd300&#8243; bg_image_url=&#8221;http:\/\/sgseries.com\/wp-content\/uploads\/2025\/01\/c4-150&#215;150.jpg&#8221; width=&#8221;1\/4&#8243; background_image=&#8221;1529&#8243;][vc_empty_space][wyde_info_box title=&#8221;NOCLEG&#8221; icon_set=&#8221;fontawesome&#8221; icon_fontawesome=&#8221;fa fa-bed&#8221; icon_size=&#8221;large&#8221; animation_delay=&#8221;0.6&#8243; animation=&#8221;bounceIn&#8221; link=&#8221;url:http%3A%2F%2Fwww.zakolewiaru.pl%2Fkontakt.html|title:KLIKNIJ&#8221;]Przejd\u017a do strony kontaktowej Zakola Wiaru i zapytaj o miejsca noclegowe.[\/wyde_info_box][vc_empty_space][\/vc_column][vc_column text_style=&#8221;light&#8221; background_color=&#8221;#f5f4f2&#8243; bg_image_url=&#8221;http:\/\/sgseries.com\/wp-content\/uploads\/2025\/01\/c5-150&#215;150.jpg&#8221; width=&#8221;1\/4&#8243; background_image=&#8221;1530&#8243;][vc_empty_space][wyde_info_box title=&#8221;JAK DOJECHA\u0106&#8221; icon_set=&#8221;typicons&#8221; icon_typicons=&#8221;typcn typcn-location-arrow-outline&#8221; icon_size=&#8221;large&#8221; animation_delay=&#8221;0.6&#8243; animation=&#8221;bounceIn&#8221; link=&#8221;url:https%3A%2F%2Fmaps.app.goo.gl%2FUN9WptJ1HpoybquJ7|title:KLIKNIJ&#8221;]Naci\u015bnij przycisk poni\u017cej i przenie\u015b si\u0119 do Google Maps[\/wyde_info_box][vc_empty_space][\/vc_column][\/vc_row][vc_row row_style=&#8221;full-width&#8221; vertical_align=&#8221;middle&#8221;][vc_column padding_size=&#8221;l-padding&#8221; width=&#8221;1\/2&#8243; css=&#8221;.vc_custom_1436071839677{padding-top: 20px !important;padding-bottom: 20px !important;}&#8221;][vc_empty_space][vc_custom_heading text=&#8221;POBIERZ TRACKA&#8221; font_container=&#8221;tag:p|font_size:24px|text_align:left|line_height:36px&#8221; google_fonts=&#8221;font_family:Lato%3A100%2C100italic%2C300%2C300italic%2Cregular%2Citalic%2C700%2C700italic%2C900%2C900italic|font_style:700%20bold%20regular%3A700%3Anormal&#8221; src=&#8221;&#8220;https:\/\/ridewithgps.com\/embeds?type=route&amp;id=49530538&amp;metricUnits=true&amp;sampleGraph=true&#8220;&#8221;][wyde_info_box]UWAGA! Trasa ma ponad 60% szutr\u00f3w &#8211; RWGPS pokazuje nieprawid\u0142owo nawierzchni\u0119!<\/p>\n<p><iframe style=\"width: 1px; min-width: 100%; height: 700px; border: none;\" src=\"https:\/\/ridewithgps.com\/embeds?type=route&amp;id=51551000&amp;metricUnits=true&amp;sampleGraph=true\" scrolling=\"no\"><\/iframe>[\/wyde_info_box][\/vc_column][vc_column width=&#8221;1\/2&#8243;][vc_single_image image=&#8221;1553&#8243; alignment=&#8221;right&#8221; animation=&#8221;fadeInRight&#8221;][\/vc_column][\/vc_row]<\/p>\n<\/div>","protected":false},"excerpt":{"rendered":"<p>[vc_row row_style=&#8221;full-width&#8221; text_style=&#8221;light&#8221; vertical_align=&#8221;middle&#8221; padding_size=&#8221;no-padding&#8221; background_color=&#8221;#232323&#8243;][vc_column text_align=&#8221;center&#8221; padding_size=&#8221;no-padding&#8221; width=&#8221;1\/2&#8243;][vc_single_image image=&#8221;1586&#8243; alignment=&#8221;center&#8221;][\/vc_column][vc_column text_style=&#8221;light&#8221; text_align=&#8221;center&#8221; padding_size=&#8221;l-padding&#8221; width=&#8221;1\/2&#8243; css=&#8221;.vc_custom_1737649616606{padding-top: 20px !important;padding-bottom: 20px !important;}&#8221;][vc_empty_space height=&#8221;10px&#8221;][vc_custom_heading text=&#8221;ZAKOLE WIARU&#8221; font_container=&#8221;tag:h2|text_align:center|color:%23ffffff&#8221; google_fonts=&#8221;font_family:Montserrat%3Aregular%2C700|font_style:700%20bold%20regular%3A700%3Anormal&#8221; text_transform=&#8221;capitalize&#8221;][vc_empty_space height=&#8221;10px&#8221;][wyde_icon_block icon=&#8221;flora-icon-zigzag-2&#8243; size=&#8221;large&#8221; style=&#8221;none&#8221; color=&#8221;#ffd300&#8243;][vc_empty_space][vc_column_text]Okolica w Gr\u0105ziowej, z widokiem na malownicze zakole rzeki Wiar, stwarza idealne warunki do wy\u015bcigu, kt\u00f3ry \u0142\u0105czy sportow\u0105 rywalizacj\u0119 z zachwytem nad natur\u0105. To miejsce, [&hellip;]<\/p>\n","protected":false},"author":1,"featured_media":0,"parent":0,"menu_order":0,"comment_status":"closed","ping_status":"closed","template":"","meta":{"footnotes":""},"class_list":["post-1582","page","type-page","status-publish","hentry"],"_links":{"self":[{"href":"https:\/\/sgseries.com\/index.php\/wp-json\/wp\/v2\/pages\/1582","targetHints":{"allow":["GET"]}}],"collection":[{"href":"https:\/\/sgseries.com\/index.php\/wp-json\/wp\/v2\/pages"}],"about":[{"href":"https:\/\/sgseries.com\/index.php\/wp-json\/wp\/v2\/types\/page"}],"author":[{"embeddable":true,"href":"https:\/\/sgseries.com\/index.php\/wp-json\/wp\/v2\/users\/1"}],"replies":[{"embeddable":true,"href":"https:\/\/sgseries.com\/index.php\/wp-json\/wp\/v2\/comments?post=1582"}],"version-history":[{"count":12,"href":"https:\/\/sgseries.com\/index.php\/wp-json\/wp\/v2\/pages\/1582\/revisions"}],"predecessor-version":[{"id":1946,"href":"https:\/\/sgseries.com\/index.php\/wp-json\/wp\/v2\/pages\/1582\/revisions\/1946"}],"wp:attachment":[{"href":"https:\/\/sgseries.com\/index.php\/wp-json\/wp\/v2\/media?parent=1582"}],"curies":[{"name":"wp","href":"https:\/\/api.w.org\/{rel}","templated":true}]}}